late p(14).
-316
Let n(g) = -891*g + 5308. Give n(6).
-38
Let f(h) = -30*h - 399. What is f(-15)?
51
Let r(b) = -23*b**2 + 568*b - 398. What is r(24)?
-14
Let x(t) = -t**3 + 38*t**2 + 167*t - 85. Determine x(42).
-127
Let g(d) = 10*d**2 - d + 33. Calculate g(0).
33
Let q(p) = -29*p - 254. Calculate q(-7).
-51
Let k(w) = 20*w + 987. What is k(-50)?
-13
Let u(s) = -3*s**3 + 155*s**2 - 1113*s - 221. Give u(43).
-6
Let h(f) = -2*f**2 + 9430*f + 37738. What is h(-4)?
-14
Let l(x) = -x**2 - 2*x + 797. What is l(-33)?
-226
Let x(d) = -5*d**2 + 321*d - 3529. Calculate x(14).
-15
Let b(r) = r**2 + 247*r + 3239. Give b(-14).
-23
Let i(v) = 7*v**2 + 26*v + 142. What is i(-5)?
187
Let l(f) = -61*f + 299. What is l(5)?
-6
Let c(k) = 14*k + 889. Calculate c(-64).
-7
Let y(f) = 5*f**3 - 674*f**2 - 139*f + 541. What is y(135)?
1
Let d(m) = -m**3 + 152*m**2 + 296*m + 1874. Give d(154).
26
Let x(t) = 11*t**3 + 152*t**2 - 34*t - 82. What is x(-14)?
2
Let s(c) = 2*c**2 - 9*c - 14. What is s(-8)?
186
Let w(n) = -4*n**2 - 161*n - 342. Determine w(-38).
0
Let k(x) = 7*x**2 + 120*x + 18. Give k(-17).
1
Let j(v) = -2581*v - 12909. Determine j(-5).
-4
Let p(l) = l**3 - 10*l**2 - 24*l - 25. What is p(11)?
-168
Let y(p) = p**2 + 68*p - 536. Determine y(7).
-11
Let o(i) = i**2 - 22*i + 37. Give o(19).
-20
Let p(k) = 4*k**2 + 7*k - 22. Determine p(4).
70
Let c(j) = -j**2 + 70*j - 649. Determine c(59).
0
Let f(n) = -82*n + 2287. What is f(28)?
-9
Let k(r) = -9*r - 688. Give k(-77).
5
Let f(p) = 8*p**2 - 253*p - 94. Give f(32).
2
Let s(m) = 10*m + 294. Calculate s(-28).
14
Let r(l) = -47*l + 62. Give r(4).
-126
Let q(c) = -c**2 + 43*c + 228. Determine q(-5).
-12
Let f(c) = -9*c**2 - 10*c - 15. What is f(-3)?
-66
Let n(p) = -1267*p - 89949. Calculate n(-71).
8
Let s(z) = 62*z**2 + 544*z + 387. Calculate s(-8).
3
Let l(n) = -878*n + 3397. Calculate l(4).
-115
Let k(t) = t**2 + 199*t + 5999. Determine k(-37).
5
Let v(f) = -51*f**3 - 2*f**2 - 7*f. What is v(-2)?
414
Let h(y) = -1314*y - 5258. Give h(-4).
-2
Let p(l) = l**3 + 30*l**2 - 24*l + 105. Calculate p(-31).
-112
Let b(v) = 2*v**3 + 45*v**2 - 67*v + 125. Give b(-24).
5
Let d(j) = 10*j**3 - 51*j**2 - 11*j + 37. What is d(4)?
-183
Let a(u) = 599*u + 14380. Calculate a(-24).
4
Let a(f) = 32*f**2 - 164*f + 11. Calculate a(5).
-9
Let o(i) = -37*i + 86. Calculate o(6).
-136
Let f(v) = -v**3 - 15*v**2 - 33*v - 107. What is f(-14)?
159
Let k(l) = -l**3 + l**2 + 184*l - 26. What is k(14)?
2
Let y(t) = 2*t**2 + 8*t - 6. What is y(1)?
4
Let y(i) = 4*i**2 - 6*i - 25. What is y(-2)?
3
Let p(y) = 2*y**2 - 41*y + 18. Give p(20).
-2
Let a(f) = 8*f**2 - 376*f + 13. Give a(47).
13
Let k(h) = 36*h**2 - 217*h - 239. What is k(7)?
6
Let n(b) = 5*b**3 - 51*b**2 + 15*b + 17. Give n(10).
67
Let k(s) = -137*s + 2737. What is k(18)?
271
Let g(z) = -134*z + 4672. What is g(35)?
-18
Let q(r) = 2*r**3 + 39*r**2 + 174*r + 145. What is q(-5)?
0
Let g(a) = 12*a**3 + 11*a**2 + 67*a + 66. What is g(-1)?
-2
Let b(q) = 9*q - 932. Calculate b(104).
4
Let b(l) = -l**2 + 88*l - 713. What is b(9)?
-2
Let p(m) = 5*m**3 - 40*m**2 + 8*m - 70. Determine p(8).
-6
Let y(h) = 13*h**3 - 56*h**2 - 23*h + 53. What is y(5)?
163
Let t(g) = g**3 + 13*g**2 + 128*g + 703. What is t(-8)?
-1
Let b(h) = 3*h**2 - 25*h + 84. What is b(5)?
34
Let l(q) = -q**3 + 4*q**2 + 46*q + 36. Calculate l(-4).
-20
Let h(b) = 2160*b + 23774. Give h(-11).
14
Let x(h) = h**3 + 15*h**2 - 13*h + 71. What is x(-16)?
23
Let t(q) = -89*q**2 + 269*q + 4. Give t(3).
10
Let r(n) = 2*n**3 - 23*n**2 - 54*n - 4. Give r(-2).
-4
Let o(i) = -989*i - 7325. What is o(-7)?
-402
Let k(n) = -n**2 + 7*n + 69. Calculate k(12).
9
Let u(p) = -43*p - 4374. Give u(-106).
184
Let k(t) = 3263*t - 65251. What is k(20)?
9
Let z(j) = -92*j + 3864. Determine z(42).
0
Let i(a) = -3*a**3 - a**2 - 3*a + 6. Give i(2).
-28
Let r(l) = -78*l - 4852. Give r(-62).
-16
Let y(l) = 61*l + 11. Give y(-4).
-233
Let j(t) = 24*t + 1456. Calculate j(-62).
-32
Let i(r) = -r**2 + 36*r - 90. Give i(33).
9
Let g(l) = -16*l + 332. What is g(19)?
28
Let a(u) = -u**2 + 40*u - 88. Give a(4).
56
Let c(h) = h**3 - 37*h**2 + 195*h - 287. What is c(31)?
-8
Let g(l) = -205*l - 2250. Calculate g(-11).
5
Let f(y) = y**3 - 6*y**2 - 82*y + 508. Determine f(6).
16
Let j(s) = 3*s**2 + 167*s + 1815. What is j(-13)?
151
Let k(b) = -5*b**2 - 121*b + 71. Calculate k(-24).
95
Let q(p) = p**3 - 75*p**2 + 143*p + 228. Calculate q(73).
9
Let f(m) = -2*m**3 - 10*m**2 + 22*m + 60. Determine f(-6).
0
Let o(z) = -6*z + 399. What is o(35)?
189
Let b(v) = -21*v + 291. Calculate b(25).
-234
Let h(w) = -w**2 + 95*w - 513. What is h(5)?
-63
Let s(a) = 24*a**2 + 27*a - 56. Calculate s(-3).
79
Let p(o) = -1487*o - 4470. Calculate p(-3).
-9
Let g(r) = -r**2 + 21*r - 152. Determine g(16).
-72
Let m(v) = -53*v - 752. Give m(-10).
-222
Let g(d) = -4*d**2 - 64*d - 222. Give g(-5).
-2
Let q(w) = -12*w**2 - 73*w + 45. What is q(8)?
-1307
Let l(k) = -4*k**2 + 12*k - 15. Give l(3).
-15
Let m(p) = 2225*p - 46729. Calculate m(21).
-4
Let n(y) = y**2 - 8*y - 27. Calculate n(12).
21
Let a(b) = -22*b - 1860. Determine a(-46).
-848
Let z(c) = -66*c - 80. Calculate z(-8).
448
Let b(j) = -15*j**3 - 5*j - 15. Give b(-2).
115
Let k(x) = 2623*x + 7829. Give k(-3).
-40
Let d(k) = -2890*k + 54912. Calculate d(19).
2
Let d(a) = 11*a - 35. Determine d(-13).
-178
Let f(d) = 2*d**2 - 4*d + 5. Give f(7).
75
Let h(v) = -v**3 + 25*v**2 - 131*v - 78. Determine h(17).
7
Let x(y) = y**3 + 50*y**2 - 12. Calculate x(-50).
-12
Let a(j) = 620*j**2 + 3078*j - 1. What is a(-5)?
109
Let c(d) = 69*d + 11114. Give c(-161).
5
Let a(h) = h**3 + h**2 - 54*h - 176. Calculate a(-5).
-6
Let j(i) = i**3 + 96*i**2 - 299*i - 200. Determine j(-99).
-2
Let v(y) = y**2 + 58*y - 2028. Give v(25).
47
Let j(n) = -13*n - 344. Calculate j(-43).
215
Let k(i) = -117*i**2 + 11350*i - 95. What is k(97)?
2
Let k(j) = -7*j - 77. Give k(-24).
91
Let c(z) = -25*z**2 + 36*z - 5. What is c(2)?
-33
Let m(y) = -y**2 - 127*y - 1169. What is m(-117)?
1
Let b(r) = r**2 + 30*r + 273. Calculate b(-41).
724
Let n(p) = -5*p - 328. What is n(-44)?
-108
Let f(u) = 1463*u - 4374. Give f(3).
15
Let j(r) = -1363*r - 12272. Give j(-9).
-5
Let l(r) = -3*r + 7. Give l(2).
1
Let c(t) = -3*t**2 + 838*t + 11098. Calculate c(292).
2
Let c(q) = -146*q + 103. What is c(2)?
-189
Let n(z) = 6*z**3 - 2*z**2 + 4*z + 25. What is n(-3)?
-167
Let f(d) = 165*d - 5791. Determine f(35).
-16
Let r(c) = c**3 - 17*c**2 + 37*c + 13. Give r(15).
118
Let k(v) = -4*v**3 + 16*v**2 - 11*v + 18. Determine k(5).
-137
Let u(y) = -2*y**3 - 10*y**2 + 11*y + 17. What is u(-6)?
23
Let k(v) = -183*v + 400. Calculate k(2).
34
Let t(l) = -l**3 - 4*l**2 + 8*l + 16. What is t(3)?
-23
Let g(t) = -t**3 - 25*t**2 - 46*t + 2. What is g(-2)?
2
Let q(i) = 95*i + 468. Give q(-7).
-197
Let g(r) = 3*r**2 + 51*r + 92. Calculate g(-2).
2
Let i(f) = -f**2 + 41*f - 403. Give i(18).
11
Let b(l) = l + 50. Calculate b(-7).
43
Let r(b) = 2024*b - 72879. Calculate r(36).
-15
Let h(w) = -w**3 + 74*w**2 + 936*w + 101. Give h(85).
186
Let r(n) = 9*n - 100. Calculate r(7).
-37
Let l(o) = 8877*o - 79886. Calculate l(9).
7
Let l(j) = 97*j**2 + 36*j + 2. Calculate l(-1).
63
Let a(j) = -j**2 + 41*j - 368. Give a(29).
-20
Let f(o) = 247*o + 5646. What is f(-23)?
-35
Let q(c) = c**3 + 116*c**2 + 2877*c - 232. Determine q(-80).
8
Let g(x) = 147*x**2 - 51*x + 2. Determine g(1).
98
Let p(v) = -31*v + 373. Give p(12).
1
Let x(t) = t**3 - 36*t**2 - 50*t + 474. Determine x(37).
-7
Let i(k) = -k**2 - 190*k - 2339. Give i(-12).
-203
Let l(d) = -d**3 - 9*d**2 + 77*d + 658. Calculate l(-10).
-12
Let t(q) = -4*q**2 + 128*q + 494. Calculate t(35).
74
Let w(z) = z**3 + 37*z**2 + 32*z - 70. Calculate w(-36).
74
Let j(q) = 22*q - 997. Determine j(35).
-227
Let j(l) = 30*l - 208. What is j(8)?
32
Let f(c) = 122*c + 248. Determine f(-2).
4
Let b(q) = -4*q**2 - 26*q + 19. What is b(-5)?
49
Let v(z) = -12*z**2 + 189*z + 47. Determine v(16).
-1
Let c(w) = 2*w**3 - 21*w**2 + 16*w - 33. Calculate c(8).
-225
Let l(s) = 37*s + 155. What is l(-5)?
-30
Let d(i) = i**2 + 18*i - 6641. Calculate d(73).
2
Let l(z) = z**3 + 14*z**2 + 3*z + 12. What is l(-14)?
-30
Let v(x) = -3*x - 206. Calculate v(-17).
-155
Let t(z) = z**2 - 79*z + 1512. Determine t(46).